ate the highest common divisor of c and 46.
46
Let k = 2310 - 2085. What is the greatest common divisor of 150 and k?
75
Suppose 4*g = 3*g + 4*b + 159, 4*g = 2*b + 678. Calculate the highest common factor of g and 19.
19
Let k(l) = -21*l - 357. Let p be k(-35). Calculate the greatest common divisor of p and 14.
14
Let n(d) = d**2 - 7*d - 62. Let s be n(-6). What is the greatest common divisor of 160 and s?
16
Let r = 30 - 62. Let j = r - -46. What is the greatest common divisor of j and 77?
7
Let k(a) = 16*a**2 + 2*a. Let p be (3/6)/((-5)/(-10)). Let t be k(p). Suppose 355 = 3*b + 85. What is the highest common factor of t and b?
18
Suppose 5*o - 2*w + 24 = 34, 2*o - 2*w = -2. Calculate the greatest common factor of 214 and o.
2
Let a(l) = -3*l - 2. Let q be a(-5). Suppose 2*u - z + 5 = u, z = 5*u + 13. Let f be (-30)/(-2) + 0 + u. Calculate the highest common divisor of q and f.
13
Let y be 6*(30/60)/((-1)/(-32)). Calculate the highest common divisor of y and 912.
48
Let w be 8/12*6 + -4. Suppose -2*d - 105 = -w*u - u, -u - 4*d = -135. Suppose -5*y = -u - 110. Calculate the greatest common factor of 15 and y.
15
Let a be 2 + (-318)/(3 + 0). Let c = 31 - a. Let r = -68 - -83. Calculate the greatest common factor of c and r.
15
Let p = 159 + -70. Let d be 4/(-8) - p/(-2). Let i = 58 + 8. Calculate the greatest common factor of d and i.
22
Let p(k) = -6*k - 2. Let g be p(-2). Let y be (-5)/(-1*5/10). What is the greatest common factor of y and g?
10
Suppose -4*s + s = -6, -5*k + 4*s + 2 = 0. Suppose 0*t = -k*t - 8, 4*t - 54 = -5*l. Calculate the highest common factor of 35 and l.
7
Let t = -82 - -82. Suppose -5*c + 4*r + 650 + 127 = 0, t = -3*c + 3*r + 468. Calculate the greatest common factor of 17 and c.
17
Suppose 10*p + 3*q + 5925 = 13*p, q = 1. Calculate the highest common divisor of 76 and p.
76
Suppose -9*n = 3*n - 36. Suppose r - 30 = n*l, 3*r + r = 3*l + 156. What is the greatest common divisor of 21 and r?
21
Let u = -13 - -39. Suppose -5*l = -0*l - 1270. Suppose y = 2*n - 132, 4*n + 2*y = -y + l. Calculate the greatest common divisor of n and u.
13
Let k be (20 - (10 - 5))/((-6)/(-4)). What is the highest common factor of 34 and k?
2
Suppose -5*b + 880 = -b. Suppose -133 = -7*l + 175. What is the greatest common divisor of l and b?
44
Let a(u) = u**2 + 2*u - 1. Let w be a(-8). Suppose w = 4*q - 33. Suppose -4*m + q = -2*m. Calculate the highest common factor of m and 15.
5
Let u = 1902 - 804. Calculate the highest common factor of 36 and u.
18
Let m(z) = 7*z**3 - 1. Let r be m(-1). Let n = r + 9. Let a(u) = 8*u**2 + 1. Let p be a(n). Calculate the greatest common divisor of p and 9.
9
Suppose 114 = 11*z - 887. Calculate the highest common divisor of 13 and z.
13
Let n be 105 + (-4 - -15) - 8. What is the greatest common factor of 54 and n?
54
Suppose -2*d - 4*o = -0*d - 68, -5*o - 27 = -d. Suppose -4*l = -2*l - d. Let u be -5 + l/4 + 9. Calculate the greatest common divisor of u and 12.
4
Suppose 0 = 4*f + 20, 16 = -2*t - 3*f - f. Suppose 2*o = t*u - 3*o - 16, -4*u = 3*o - 6. Suppose j + 18 = u*j. What is the highest common divisor of 36 and j?
9
Suppose -v - 2*s - 6 = v, 13 = -3*v + s. Let z be ((-15)/v)/((-33)/(-88)). Let j(m) = m + 23. Let o be j(-8). What is the greatest common factor of z and o?
5
Suppose -95*b + 50*b + 225 = 0. What is the highest common factor of 505 and b?
5
Let a(i) = -25*i**3 - i**2 + 1. Let t be a(-1). Let s = 28 - t. What is the greatest common factor of 1 and s?
1
Let x be 2 + 2*(-252)/(-8). Let i = x + -49. Calculate the highest common divisor of 176 and i.
16
Suppose 5*n + 0*n = 4*i - 1831, -n = -5. Calculate the highest common divisor of 29 and i.
29
Let m(d) = d**2 - 6*d + 1. Let w be m(4). Let q = 9 + w. Suppose 4*o + v + 3*v = 28, -q*v - 58 = -4*o. Calculate the greatest common factor of o and 12.
12
Suppose -k = -32 + 39. Let v(b) = 3*b**2 - 3*b - 12. Let f be v(k). Calculate the highest common factor of f and 52.
52
Suppose -6*r = -3*r - 15. Suppose 254 = 3*l + r*t, 5*l + t + 2*t = 434. Calculate the greatest common divisor of l and 11.
11
Suppose s = 212 - 92. Calculate the greatest common divisor of s and 30.
30
Suppose 7 = 2*x - 3*m, -3*m - 5 = -4*x + 18. Suppose x*g - 48 = 40. Calculate the greatest common divisor of g and 22.
11
Suppose 8 = 2*l + 74. Let m = l + 53. What is the greatest common factor of m and 5?
5
Let f be (-3 + 4/2)*-39. Let b(p) = -27*p**3 - 3*p**2 - 3*p - 1. Let r be b(-1). Calculate the greatest common divisor of f and r.
13
Suppose 5*a - 4*r + 8*r - 6 = 0, 4*a - 2*r = 10. Calculate the greatest common factor of a and 26.
2
Let u be 2*10*2/(-5). Let r(z) = -1339*z + 1. Let f be r(-1). Let s be f/16 - 2/u. What is the greatest common divisor of s and 21?
21
Let z = -16 + 6. Let a = -5 - z. Suppose -a*l = -0*l + 3*y - 316, 334 = 5*l - 3*y. What is the greatest common factor of l and 26?
13
Let x(g) = g**2 - g. Suppose 3*d - 15 = -3*l, 0*d - d = 2*l - 8. Let h be x(d). What is the highest common factor of 1 and h?
1
Suppose -2700 = 8*m - 788. Let t = 202 - m. Calculate the greatest common divisor of t and 49.
49
Let s(f) be the first derivative of f**2/2 + 10*f - 13. Let o be s(3). What is the highest common divisor of o and 117?
13
Suppose 2*f - 13 - 13 = 0. Let y = f - 8. Suppose -17 = -y*n - 4*j, -2*j = 4*n - 3*j - 1. What is the highest common factor of n and 5?
1
Let t be (6/4 - 5)/((-2)/(-92)). Let j = t + 253. Calculate the greatest common factor of j and 4.
4
Let z be 6 + -5 + 5 - (0 - 24). Calculate the greatest common divisor of 270 and z.
30
Suppose 0 = -68*c + 61*c + 1127. Calculate the highest common factor of 28 and c.
7
Let w = 30 + -29. What is the highest common divisor of 64 and w?
1
Let q be 1371 + 42/(14 + -7). What is the greatest common divisor of 34 and q?
17
Let v = 495 - 476. Calculate the highest common factor of v and 437.
19
Let g be -17*2/((-2)/3). Let z be 3 + g - (-4)/(-2). Let b(k) = -4*k**3 + 22*k**2 + 85*k - 27. Let l be b(8). Calculate the greatest common divisor of l and z.
13
Let g = 1077 - 555. Calculate the highest common divisor of 18 and g.
18
Let r(b) = -16*b**2 - 4*b + 7. Let n be r(6). Let f = -1283 - n. Let g be (-9)/21 + f/(-42). Calculate the greatest common divisor of 2 and g.
2
Let a(t) = t**2 - 9*t + 8. Let z be a(8). Suppose -5*r + 2*r + 78 = z. Calculate the greatest common factor of r and 39.
13
Let t(z) = 6*z**2 - 2*z + 3. Let h be t(-3). Let f be (18/14)/(((-35)/105)/((-14)/6)). What is the highest common divisor of h and f?
9
Let f(i) = 14*i + 6. Let d(l) = 27*l + 13. Let g(y) = -3*d(y) + 7*f(y). Let j be g(9). What is the greatest common factor of 12 and j?
12
Suppose 17*w = 5*t + 13*w - 224, -5*w = -t + 28. Let j(n) = 25*n**2 + n - 2. Let p be j(-2). What is the greatest common factor of t and p?
48
Suppose 4*k = -4*h - 0*k + 148, -147 = -4*h - 3*k. What is the greatest common divisor of 252 and h?
36
Suppose 52 = -2*a + 42. Let f be -31 - (-2 + 3 + -2). Let i be ((-1152)/f)/((-1)/a). What is the greatest common divisor of 24 and i?
24
Suppose 3*l - 142 = -4*b, 5*b + 2 - 7 = 0. Let i(x) = -2*x**3 + 30*x**2 + 8*x - 5. Let r be i(15). What is the highest common factor of r and l?
23
Let z(b) = b + 20. Let c(a) = -a + 3. Let h be c(13). Let v be z(h). Calculate the highest common divisor of v and 10.
10
Let a(f) = f**3 + 21*f**2 - 21*f + 152. Let n be a(-22). What is the greatest common divisor of 20 and n?
10
Let s be ((-160)/(-48))/((-10)/(-15)). Calculate the greatest common divisor of s and 1055.
5
Let y = -1030 - -1040. What is the greatest common factor of 1920 and y?
10
Suppose -45 = -4*u + 59. Let a = -452 - -1310. Suppose a = 71*q - 68*q. Calculate the highest common divisor of q and u.
26
Let l = 204 + -96. Suppose 2*r = 3*t - 58, 0 = 2*t - t + 2*r - 6. Let d = t + 2. What is the highest common factor of l and d?
18
Suppose 5*l = -5*p + 170, -2*p - 5*l + 54 = -29. Calculate the highest common divisor of p and 464.
29
Suppose -x + 34 = u - 104, 4*x - 5*u = 597. Let q = -36 + 49. Calculate the greatest common divisor of x and q.
13
Let q(t) = 2*t**2 + 8*t + 3. Let l be q(-5). Let c be (-2 - -24)*65/10. Calculate the highest common factor of c and l.
13
Let a(p) = 2*p**3 - 22*p**2 - 9*p - 11. Suppose y + 2*x 